 + k**2 - 1/120*k**6. Let y(j) be the second derivative of s(j). Calculate y(-2).
1
Let q = 7 + -5. Let b be q/(-4) - 4/(-8). Let y(w) = -w - 7. Determine y(b).
-7
Let t(h) be the third derivative of h**6/120 - 7*h**5/60 + h**4/6 - 5*h**3/6 + 43*h**2. Determine t(6).
-17
Let b(p) be the first derivative of p**2/2 + 16. Suppose 2*a + 11 = 1. Calculate b(a).
-5
Suppose y - 4*y = -p - 5, -p + 13 = 3*y. Suppose -11 = -y*i + 13. Suppose 6 = -2*m + 3*c - 3, 4*m - 4*c + i = 0. Let w(g) = g**2 - g - 4. Determine w(m).
2
Let b(j) = j**3 + 3*j**2 - 5*j. Let n = -25 + 21. Determine b(n).
4
Let c(p) be the third derivative of -p**6/120 + 2*p**5/15 - 7*p**4/24 + p**3/2 - 3*p**2. Let l be c(7). Let d(h) = h - 1 + h - 3*h + 2*h. What is d(l)?
2
Let p = -12 - -17. Suppose 4*z + 4*j + 5 = -43, -3*j - 52 = p*z. Let u(v) = -v**2 - 7*v + 11. Let h be u(z). Let b(n) = -n + 1. What is b(h)?
-2
Let v(c) = 4 + 7*c - 12 + 7. What is v(1)?
6
Let b(d) = -7*d**2 + d - 5. Let c(i) = 2*i**2 + 8. Let v(s) = -1 - 3*s**2 - 7 + 1 + 0. Let m(n) = -3*c(n) - 4*v(n). Let x(j) = 5*b(j) + 6*m(j). Calculate x(-4).
-5
Let r(v) be the first derivative of -v**4/4 + 2*v**3/3 + 2*v**2 - 3*v + 1. Suppose -2*p = -0*p - 6. Give r(p).
0
Let u(m) = 4 - 3 + 4*m - 3. Let c(x) = x + 7. Let r be c(-5). Determine u(r).
6
Let m(l) be the third derivative of l**5/60 - l**4/24 + l**3 + 6*l**2. Let r be (-36)/(-16)*16/(-6). Let t(i) = i + 6. Let u be t(r). Calculate m(u).
6
Let u = 23 - 31. Let r(n) = n**3 + 7*n**2 - 9*n - 3. Give r(u).
5
Let n be -6*3*(-1)/(-3). Let h(a) = a - 3. What is h(n)?
-9
Let p(f) = -f**3 - 3*f**2 + 4*f - 5. Suppose 2*s + 0*s = 4. Suppose 5*u = -4*o - 6, -s*u - 4 = -0*o + 2*o. What is p(o)?
-5
Let q(u) be the second derivative of u**5/20 - 7*u**4/12 + 2*u**3/3 + 3*u**2 - 9*u. Calculate q(6).
-6
Let v(u) = 2*u - 8. Let a be (-19 - -23)/((-5)/(-3) - 1). What is v(a)?
4
Let n = 1 + -5. Let g = n - -2. Let v = g - -2. Let f(i) = i**3 + i - 2. Give f(v).
-2
Let g(u) = u**2 - 6*u - 3. Suppose p - 3*p + a - 65 = 0, -p + 5*a - 10 = 0. Let m be (-33)/(-7) - 10/p. What is g(m)?
-8
Suppose -5*o + 2*w + 15 = 0, -3*o + 4*w - 6 = -5*o. Let t be (-1 + 1)/(o/(-3)). Let v(s) = t - 3*s + 1 + s**2 + 0. Give v(3).
1
Let w(z) = 6*z + 3. Let b = -2 + 0. What is w(b)?
-9
Let c(g) be the third derivative of 1/120*g**5 + 1/6*g**3 - 7/24*g**4 + 2*g**2 + 0*g + 0. Let x(m) be the first derivative of c(m). Determine x(0).
-7
Let y = 5 - 11. Let i(k) = -k**3 - 7*k**2 - 6*k + 2. Give i(y).
2
Let y = 7 - 12. Let j be (-4 - 9)*(0 + -1). Let w(b) = 4 - j + 5 + 2*b + 11. What is w(y)?
-3
Let o(j) be the second derivative of j**4/12 - j**3 - 5*j**2/2 + 8*j. Calculate o(6).
-5
Let g(v) = v**3 - 6*v**2 + 7*v - 4. Let s be (-24)/(-14) + 4/14. Let q be (-3 + 0)*(-1)/3. Let p be (q - s) + 0 - -6. Calculate g(p).
6
Let c(k) = 1 + 0 - 5 + 7*k - k**2 + 0*k**2. Let u = -3 - -4. Let z(a) = 5*a**2 - a + 1. Let l be z(u). What is c(l)?
6
Let o be 4/12 - (-5)/3. Let v = -3 - o. Let s(k) = 1 + 2*k - 2 + 3. Give s(v).
-8
Suppose -3 - 2 = -k. Suppose k*g = 10, 2*f + 2*g - 3 + 11 = 0. Let m(w) = w**2 + 5*w - 7. What is m(f)?
-1
Let x(w) = 2 - w**2 - 3 + 2*w - 6 - 3*w. Suppose -4*g = 4*y + 20, 10 = -2*g + 3*y + 25. Calculate x(g).
-7
Let j be -2 + -2*(-2)/(-1). Let h(g) = -g**2 - 8. Let b be h(0). Let v = j - b. Let i(z) = 4*z. Calculate i(v).
8
Suppose 0 = -5*d + 2*c + 12 + 14, 4*d - 13 = -c. Let m(r) = 6*r**2 - d*r**3 + 3*r**3 - 10 + 2*r + 2. Determine m(6).
4
Let h be 1*4/1 - 2. Let x(w) = -w + 1. Determine x(h).
-1
Let t = -7 + 9. Let z(c) = 2*c + c**2 + t*c - 1 - 3*c. Calculate z(-3).
5
Let c(m) be the first derivative of m**3/3 - 5*m**2/2 - 4*m + 1. Calculate c(3).
-10
Suppose -14 = 10*z - 17*z. Let k(g) = g**2 - 2*g + 2. Calculate k(z).
2
Suppose -4*f - h = h - 54, -3*f - 2*h = -42. Suppose -4*o = -0*o + f. Let y(t) be the second derivative of t**5/20 + t**4/6 - t**3/2 + t**2 - t. What is y(o)?
2
Let u be 2 + -12*1 + -1. Let f(i) = -9*i**3 + 9*i**2 - 11*i + 13. Let d(n) = -5*n**3 + 5*n**2 - 6*n + 7. Let x(v) = u*d(v) + 6*f(v). Let c = 1 - 0. Give x(c).
1
Let b(g) = -g + 2*g + 3 + 2*g + 3*g. Let a be 8/(-6)*(-6)/(-4). Let q be (1/a)/(3/12). What is b(q)?
-9
Suppose 15 = 3*c - 0*c. Let u(a) be the third derivative of -a**5/120 + a**4/12 + a**3/6 - 3*a**2. Let k(h) be the first derivative of u(h). Give k(c).
-3
Let g(p) = -p**2 - 8*p - 2. Let u(m) = -m**2 - 6*m + 9. Let t be u(-8). Determine g(t).
5
Let h(v) be the second derivative of v**3/3 - 4*v**2 - 11*v. Give h(7).
6
Let s = 19 - 24. Let o(a) = a**3 + 5*a**2 + a - 7. What is o(s)?
-12
Let u(f) = -f + 4. Let l be ((-88)/10)/((-16)/40). Suppose q = 2*w - 10, 2*q - l = -3*w - 0*q. Determine u(w).
-2
Let o(s) = 14*s + 2. Let c(w) = -7*w - 1. Let z(t) = -5*c(t) - 2*o(t). What is z(-1)?
-6
Let h = 4 - 7. Let g(c) = -6*c - 1. Let o(d) = d. Let f(b) = -3*g(b) - 12*o(b). What is f(h)?
-15
Let x(d) = d + 3. Let a be (-3)/(-4) - (-56)/(-32). Let z = a - -4. Suppose v - 6 = z*v. Calculate x(v).
0
Let b(g) = -8*g**2 - g + 1. Let r(x) = -2*x - 5. Let t be r(-3). Give b(t).
-8
Let g(q) = 4*q**2 + 7*q - 2. Let f(a) = a. Let r(n) = -6*f(n) + g(n). Determine r(-2).
12
Let b(v) = -v + 2. Let x be 0 - -6*1 - 3 - -1. Give b(x).
-2
Let k(p) = p - 1. Let h(c) = -13*c - 1. Let n be h(-1). Let m be (-3 + 20/6)*n. Determine k(m).
3
Let v(l) be the first derivative of l**3/3 + l**2 - 5*l + 1. Let w(i) = -i**2 + 29. Let q be w(0). Suppose 5*b - 9 = -q. Determine v(b).
3
Let r(s) = -s**3 + 2*s. Suppose 3*l = -4*w - 8, 5*w + 5*l + 8 = w. Give r(w).
4
Let u = 73 - 80. Let l(z) = z**3 + 8*z**2 + 8*z - 2. Determine l(u).
-9
Let w(g) be the second derivative of g**3/6 - 15*g**2/2 + 14*g. Determine w(7).
-8
Suppose -2 + 6 = 4*q. Let m(w) be the third derivative of w**5/30 + 2*w**2. Calculate m(q).
2
Let v(d) = -17*d - 3. Let g(h) = 8*h + 1. Let z(u) = -13*g(u) - 6*v(u). Determine z(6).
-7
Suppose -5*w = 4*z + 7 + 5, -8 = w - 2*z. Suppose -4*d = 7 + 21. Let c = w - d. Let b(m) = m**3 - 3*m**2 - 2*m - 2. Determine b(c).
-8
Let c(b) = b**2 + 8*b + 9. Suppose -u - 5*h = -12, 3*h - 1 - 11 = -u. Suppose 2*i = 6*i - u. Let j(y) = -2*y. Let k be j(i). What is c(k)?
-3
Let n(l) be the third derivative of -l**9/60480 + l**8/5040 - l**7/2520 + l**6/144 - l**5/60 + l**2. Let j(d) be the third derivative of n(d). Give j(4).
-3
Let u(z) = 417 - 417 + 3*z - 6*z**2. Calculate u(2).
-18
Let b(m) be the third derivative of -m**6/120 + m**5/30 + m**4/12 - m**3/6 + 7*m**2. Let l be (3/3)/((-2)/(-6)). Determine b(l).
-4
Let s(z) be the second derivative of 0 + 0*z**4 + 1/3*z**3 - 1/2*z**2 - 2*z + 7/20*z**5. Determine s(1).
8
Let t(s) = s**3 - 4*s**2 + 2. Suppose 0 = -11*u + 5 + 17. Calculate t(u).
-6
Let g(h) = 4*h**3 - 10*h**2 + 2*h - 6. Let q(s) = -s**3 + s**2 + 1. Suppose -4*b = -2*b + 10. Let r(v) = b*q(v) - g(v). Determine r(-5).
11
Suppose 3*x + 4*z - 25 = 5*z, -2*x + 2*z + 18 = 0. Let y be (-6)/4*x/(-3). Let r(a) = a**2 - 3*a + 2. Determine r(y).
6
Let t(d) be the first derivative of -d**2/2 + 7*d + 16. Give t(5).
2
Let f = 0 - -4. Suppose 13 - 5 = f*s. Let t(h) = h**2 + 1 + h - 3 + 0*h. What is t(s)?
4
Suppose -8*m = -5*m - 12. Suppose -6 = -m*l + l. Let b(y) = -y**l - 2*y**2 + 1 + 0*y**2 + 2*y**2 + y - 5*y**3. Give b(-1).
4
Let q be 4/8 + 34/(-4). Let c be (-3)/((-6)/4) - q. Suppose -4*s + c = -2. Let y(o) = -o**3 + 3*o**2 + 2. Determine y(s).
2
Suppose -3*r + 3 = -6, 20 = 4*w + 4*r. Let v(q) = -q + 4. Let g be v(4). Let h(o) = 3*o + g*o + 3*o - 3 - o. Give h(w).
7
Let c(b) be the second derivative of -b**3/3 - b**2 + 39*b. Suppose 9 = 5*i + 34. Give c(i).
8
Let a(z) = 2*z - 3. Let o be a(2). Let g(c) = -c**2 + c. Let n(t) = 6*t**2 - 7. Let m(k) = o*n(k) + 5*g(k). What is m(-6)?
-1
Let k(r) = -4*r + 6. Let q(b) = -6*b + 9. Let g(u) = -8*k(u) + 5*q(u). Give g(5).
7
Let u(o) = -o**2 - o. Let h(j) = -10*j**2 - 3*j. Let w(t) = h(t) - 2*u(t). Determine w(1).
-9
Let j(p) = -2*p. Let v be -10 + 6 - 0/1. Give j(v).
8
Let a(h) = h**2 - 4*h - 3. Let f be 10 + -2 + (-3)/1. Suppose -7 = -f*v + 8. Give a(v).
-6
Let w(r) = r**2 + 4*r. Let a(f) = -f**3 - f**2 + 2*f - 3. Let b be a(-3). Let y(m) = 4*m**2 + 16*m. Let u(i) = b*w(i) - 2*y(i). What is u(-3)?
-3
Let d(t) = 0*t - 2 + 7 + 2*t. Let b be d(-5). Let a(f) be the second de